{"id":7217,"date":"2025-06-06T08:13:42","date_gmt":"2025-06-06T07:13:42","guid":{"rendered":"https:\/\/mapelsl.com\/?post_type=notcies&#038;p=7217"},"modified":"2025-06-06T08:13:42","modified_gmt":"2025-06-06T07:13:42","slug":"mapel-rep-un-reconeixement-en-el-50e-aniversari-de-linstitut-josep-brugulat","status":"publish","type":"notcies","link":"https:\/\/mapelsl.com\/fr\/notcies\/mapel-rep-un-reconeixement-en-el-50e-aniversari-de-linstitut-josep-brugulat\/","title":{"rendered":"Mapel rep un reconeixement en el 50\u00e8 aniversari de l\u2019Institut Josep Brugulat"},"content":{"rendered":"<p>Ens fa especial il\u00b7lusi\u00f3 compartir que Mapel va ser convidada a participar en l\u2019acte de celebraci\u00f3 dels 50 anys de traject\u00f2ria de l\u2019Institut Josep Brugulat de Banyoles. Una trobada molt emotiva, on vam tenir l\u2019honor de rebre <strong>un reconeixement pel nostre suport i acompanyament en les pr\u00e0ctiques formatives de l\u2019alumnat de Formaci\u00f3 Professional<\/strong>.<\/p>\n<p>Agra\u00efm sincerament aquest gest, recollit per Joaquim Vidal en representaci\u00f3 de Mapel, i valorem profundament la confian\u00e7a que el centre ha dipositat en nosaltres al llarg dels anys.<\/p>\n<p>Des de Mapel volem felicitar la direcci\u00f3, el professorat i totes les persones que han format part del cam\u00ed d\u2019aquest institut al llarg d\u2019aquests cinquanta anys. <strong>Per molts anys m\u00e9s, Institut Josep Brugulat!<\/strong><\/p>\n<p><strong>L\u2019equip de Mapel<\/strong><\/p>\n","protected":false},"featured_media":7218,"template":"","etiquetes":[141],"class_list":["post-7217","notcies","type-notcies","status-publish","has-post-thumbnail","hentry","etiquetes-comunitat"],"acf":[],"yoast_head":"<!-- This site is optimized with the Yoast SEO plugin v17.5 - https:\/\/yoast.com\/wordpress\/plugins\/seo\/ -->\n<meta name=\"description\" content=\"A Mapel apostem per una mobilitat m\u00e9s neta i sostenible, i per aix\u00f2 oferim als nostres clients les solucions de rec\u00e0rrega de vehicles el\u00e8ctrics de Circutor.\" \/>\n<meta name=\"robots\" content=\"index, follow, max-snippet:-1, max-image-preview:large, max-video-preview:-1\" \/>\n<link rel=\"canonical\" href=\"https:\/\/mapelsl.com\/fr\/notcies\/mapel-rep-un-reconeixement-en-el-50e-aniversari-de-linstitut-josep-brugulat\/\" \/>\n<meta property=\"og:locale\" content=\"fr_FR\" \/>\n<meta property=\"og:type\" content=\"article\" \/>\n<meta property=\"og:title\" content=\"Mapel rep un reconeixement en el 50\u00e8 aniversari de l\u2019Institut Josep Brugulat - Mapel\" \/>\n<meta property=\"og:description\" content=\"A Mapel apostem per una mobilitat m\u00e9s neta i sostenible, i per aix\u00f2 oferim als nostres clients les solucions de rec\u00e0rrega de vehicles el\u00e8ctrics de Circutor.\" \/>\n<meta property=\"og:url\" content=\"https:\/\/mapelsl.com\/fr\/notcies\/mapel-rep-un-reconeixement-en-el-50e-aniversari-de-linstitut-josep-brugulat\/\" \/>\n<meta property=\"og:site_name\" content=\"Mapel\" \/>\n<meta property=\"og:image\" content=\"https:\/\/mapelsl.com\/wp-content\/uploads\/2025\/06\/mapel-acte-50-anys-brugulat.jpg\" \/>\n\t<meta property=\"og:image:width\" content=\"2049\" \/>\n\t<meta property=\"og:image:height\" content=\"1253\" \/>\n<meta name=\"twitter:card\" content=\"summary_large_image\" \/>\n<meta name=\"twitter:label1\" content=\"Dur\u00e9e de lecture est.\" \/>\n\t<meta name=\"twitter:data1\" content=\"1 minute\" \/>\n<script type=\"application\/ld+json\" class=\"yoast-schema-graph\">{\"@context\":\"https:\/\/schema.org\",\"@graph\":[{\"@type\":\"WebSite\",\"@id\":\"https:\/\/mapelsl.com\/fr\/#website\",\"url\":\"https:\/\/mapelsl.com\/fr\/\",\"name\":\"Mapel\",\"description\":\"\",\"potentialAction\":[{\"@type\":\"SearchAction\",\"target\":{\"@type\":\"EntryPoint\",\"urlTemplate\":\"https:\/\/mapelsl.com\/fr\/?s={search_term_string}\"},\"query-input\":\"required name=search_term_string\"}],\"inLanguage\":\"fr-FR\"},{\"@type\":\"ImageObject\",\"@id\":\"https:\/\/mapelsl.com\/fr\/notcies\/mapel-rep-un-reconeixement-en-el-50e-aniversari-de-linstitut-josep-brugulat\/#primaryimage\",\"inLanguage\":\"fr-FR\",\"url\":\"https:\/\/mapelsl.com\/wp-content\/uploads\/2025\/06\/mapel-acte-50-anys-brugulat.jpg\",\"contentUrl\":\"https:\/\/mapelsl.com\/wp-content\/uploads\/2025\/06\/mapel-acte-50-anys-brugulat.jpg\",\"width\":2049,\"height\":1253,\"caption\":\"Mapel Institut Josep Brugulat\"},{\"@type\":\"WebPage\",\"@id\":\"https:\/\/mapelsl.com\/fr\/notcies\/mapel-rep-un-reconeixement-en-el-50e-aniversari-de-linstitut-josep-brugulat\/#webpage\",\"url\":\"https:\/\/mapelsl.com\/fr\/notcies\/mapel-rep-un-reconeixement-en-el-50e-aniversari-de-linstitut-josep-brugulat\/\",\"name\":\"Mapel rep un reconeixement en el 50\\u00e8 aniversari de l\\u2019Institut Josep Brugulat - Mapel\",\"isPartOf\":{\"@id\":\"https:\/\/mapelsl.com\/fr\/#website\"},\"primaryImageOfPage\":{\"@id\":\"https:\/\/mapelsl.com\/fr\/notcies\/mapel-rep-un-reconeixement-en-el-50e-aniversari-de-linstitut-josep-brugulat\/#primaryimage\"},\"datePublished\":\"2025-06-06T07:13:42+00:00\",\"dateModified\":\"2025-06-06T07:13:42+00:00\",\"description\":\"A Mapel apostem per una mobilitat m\\u00e9s neta i sostenible, i per aix\\u00f2 oferim als nostres clients les solucions de rec\\u00e0rrega de vehicles el\\u00e8ctrics de Circutor.\",\"breadcrumb\":{\"@id\":\"https:\/\/mapelsl.com\/fr\/notcies\/mapel-rep-un-reconeixement-en-el-50e-aniversari-de-linstitut-josep-brugulat\/#breadcrumb\"},\"inLanguage\":\"fr-FR\",\"potentialAction\":[{\"@type\":\"ReadAction\",\"target\":[\"https:\/\/mapelsl.com\/fr\/notcies\/mapel-rep-un-reconeixement-en-el-50e-aniversari-de-linstitut-josep-brugulat\/\"]}]},{\"@type\":\"BreadcrumbList\",\"@id\":\"https:\/\/mapelsl.com\/fr\/notcies\/mapel-rep-un-reconeixement-en-el-50e-aniversari-de-linstitut-josep-brugulat\/#breadcrumb\",\"itemListElement\":[{\"@type\":\"ListItem\",\"position\":1,\"name\":\"Home\",\"item\":\"https:\/\/mapelsl.com\/fr\/\"},{\"@type\":\"ListItem\",\"position\":2,\"name\":\"Mapel rep un reconeixement en el 50\\u00e8 aniversari de l\\u2019Institut Josep Brugulat\"}]}]}<\/script>\n<!-- \/ Yoast SEO plugin. -->","yoast_head_json":{"description":"A Mapel apostem per una mobilitat m\u00e9s neta i sostenible, i per aix\u00f2 oferim als nostres clients les solucions de rec\u00e0rrega de vehicles el\u00e8ctrics de Circutor.","robots":{"index":"index","follow":"follow","max-snippet":"max-snippet:-1","max-image-preview":"max-image-preview:large","max-video-preview":"max-video-preview:-1"},"canonical":"https:\/\/mapelsl.com\/fr\/notcies\/mapel-rep-un-reconeixement-en-el-50e-aniversari-de-linstitut-josep-brugulat\/","og_locale":"fr_FR","og_type":"article","og_title":"Mapel rep un reconeixement en el 50\u00e8 aniversari de l\u2019Institut Josep Brugulat - Mapel","og_description":"A Mapel apostem per una mobilitat m\u00e9s neta i sostenible, i per aix\u00f2 oferim als nostres clients les solucions de rec\u00e0rrega de vehicles el\u00e8ctrics de Circutor.","og_url":"https:\/\/mapelsl.com\/fr\/notcies\/mapel-rep-un-reconeixement-en-el-50e-aniversari-de-linstitut-josep-brugulat\/","og_site_name":"Mapel","og_image":[{"width":2049,"height":1253,"url":"https:\/\/mapelsl.com\/wp-content\/uploads\/2025\/06\/mapel-acte-50-anys-brugulat.jpg","type":"image\/jpeg"}],"twitter_card":"summary_large_image","twitter_misc":{"Dur\u00e9e de lecture est.":"1 minute"},"schema":{"@context":"https:\/\/schema.org","@graph":[{"@type":"WebSite","@id":"https:\/\/mapelsl.com\/fr\/#website","url":"https:\/\/mapelsl.com\/fr\/","name":"Mapel","description":"","potentialAction":[{"@type":"SearchAction","target":{"@type":"EntryPoint","urlTemplate":"https:\/\/mapelsl.com\/fr\/?s={search_term_string}"},"query-input":"required name=search_term_string"}],"inLanguage":"fr-FR"},{"@type":"ImageObject","@id":"https:\/\/mapelsl.com\/fr\/notcies\/mapel-rep-un-reconeixement-en-el-50e-aniversari-de-linstitut-josep-brugulat\/#primaryimage","inLanguage":"fr-FR","url":"https:\/\/mapelsl.com\/wp-content\/uploads\/2025\/06\/mapel-acte-50-anys-brugulat.jpg","contentUrl":"https:\/\/mapelsl.com\/wp-content\/uploads\/2025\/06\/mapel-acte-50-anys-brugulat.jpg","width":2049,"height":1253,"caption":"Mapel Institut Josep Brugulat"},{"@type":"WebPage","@id":"https:\/\/mapelsl.com\/fr\/notcies\/mapel-rep-un-reconeixement-en-el-50e-aniversari-de-linstitut-josep-brugulat\/#webpage","url":"https:\/\/mapelsl.com\/fr\/notcies\/mapel-rep-un-reconeixement-en-el-50e-aniversari-de-linstitut-josep-brugulat\/","name":"Mapel rep un reconeixement en el 50\u00e8 aniversari de l\u2019Institut Josep Brugulat - Mapel","isPartOf":{"@id":"https:\/\/mapelsl.com\/fr\/#website"},"primaryImageOfPage":{"@id":"https:\/\/mapelsl.com\/fr\/notcies\/mapel-rep-un-reconeixement-en-el-50e-aniversari-de-linstitut-josep-brugulat\/#primaryimage"},"datePublished":"2025-06-06T07:13:42+00:00","dateModified":"2025-06-06T07:13:42+00:00","description":"A Mapel apostem per una mobilitat m\u00e9s neta i sostenible, i per aix\u00f2 oferim als nostres clients les solucions de rec\u00e0rrega de vehicles el\u00e8ctrics de Circutor.","breadcrumb":{"@id":"https:\/\/mapelsl.com\/fr\/notcies\/mapel-rep-un-reconeixement-en-el-50e-aniversari-de-linstitut-josep-brugulat\/#breadcrumb"},"inLanguage":"fr-FR","potentialAction":[{"@type":"ReadAction","target":["https:\/\/mapelsl.com\/fr\/notcies\/mapel-rep-un-reconeixement-en-el-50e-aniversari-de-linstitut-josep-brugulat\/"]}]},{"@type":"BreadcrumbList","@id":"https:\/\/mapelsl.com\/fr\/notcies\/mapel-rep-un-reconeixement-en-el-50e-aniversari-de-linstitut-josep-brugulat\/#breadcrumb","itemListElement":[{"@type":"ListItem","position":1,"name":"Home","item":"https:\/\/mapelsl.com\/fr\/"},{"@type":"ListItem","position":2,"name":"Mapel rep un reconeixement en el 50\u00e8 aniversari de l\u2019Institut Josep Brugulat"}]}]}},"_links":{"self":[{"href":"https:\/\/mapelsl.com\/fr\/wp-json\/wp\/v2\/notcies\/7217","targetHints":{"allow":["GET"]}}],"collection":[{"href":"https:\/\/mapelsl.com\/fr\/wp-json\/wp\/v2\/notcies"}],"about":[{"href":"https:\/\/mapelsl.com\/fr\/wp-json\/wp\/v2\/types\/notcies"}],"wp:featuredmedia":[{"embeddable":true,"href":"https:\/\/mapelsl.com\/fr\/wp-json\/wp\/v2\/media\/7218"}],"wp:attachment":[{"href":"https:\/\/mapelsl.com\/fr\/wp-json\/wp\/v2\/media?parent=7217"}],"wp:term":[{"taxonomy":"etiquetes","embeddable":true,"href":"https:\/\/mapelsl.com\/fr\/wp-json\/wp\/v2\/etiquetes?post=7217"}],"curies":[{"name":"wp","href":"https:\/\/api.w.org\/{rel}","templated":true}]}}

Mapel rep un reconeixement en el 50è aniversari de l’Institut Josep Brugulat

<p>Ens fa especial il·lusió compartir que Mapel va ser convidada a participar en l’acte de celebració dels 50 anys de trajectòria de l’Institut Josep Brugulat de Banyoles. Una trobada molt emotiva, on vam tenir l’honor de rebre <strong>un reconeixement pel nostre suport i acompanyament en les pràctiques formatives de l’alumnat de Formació Professional</strong>.</p>
<p>Agraïm sincerament aquest gest, recollit per Joaquim Vidal en representació de Mapel, i valorem profundament la confiança que el centre ha dipositat en nosaltres al llarg dels anys.</p>
<p>Des de Mapel volem felicitar la direcció, el professorat i totes les persones que han format part del camí d’aquest institut al llarg d’aquests cinquanta anys. <strong>Per molts anys més, Institut Josep Brugulat!</strong></p>
<p><strong>L’equip de Mapel</strong></p>

<!-- This site is optimized with the Yoast SEO plugin v17.5 - https://yoast.com/wordpress/plugins/seo/ -->
<meta name="description" content="A Mapel apostem per una mobilitat més neta i sostenible, i per això oferim als nostres clients les solucions de recàrrega de vehicles elèctrics de Circutor." />
<meta name="robots" content="index, follow, max-snippet:-1, max-image-preview:large, max-video-preview:-1" />
<link rel="canonical" href="https://mapelsl.com/fr/notcies/mapel-rep-un-reconeixement-en-el-50e-aniversari-de-linstitut-josep-brugulat/" />
<meta property="og:locale" content="fr_FR" />
<meta property="og:type" content="article" />
<meta property="og:title" content="Mapel rep un reconeixement en el 50è aniversari de l’Institut Josep Brugulat - Mapel" />
<meta property="og:description" content="A Mapel apostem per una mobilitat més neta i sostenible, i per això oferim als nostres clients les solucions de recàrrega de vehicles elèctrics de Circutor." />
<meta property="og:url" content="https://mapelsl.com/fr/notcies/mapel-rep-un-reconeixement-en-el-50e-aniversari-de-linstitut-josep-brugulat/" />
<meta property="og:site_name" content="Mapel" />
<meta property="og:image" content="https://mapelsl.com/wp-content/uploads/2025/06/mapel-acte-50-anys-brugulat.jpg" />
	<meta property="og:image:width" content="2049" />
	<meta property="og:image:height" content="1253" />
<meta name="twitter:card" content="summary_large_image" />
<meta name="twitter:label1" content="Durée de lecture est." />
	<meta name="twitter:data1" content="1 minute" />
<script type="application/ld+json" class="yoast-schema-graph">{"@context":"https://schema.org","@graph":[{"@type":"WebSite","@id":"https://mapelsl.com/fr/#website","url":"https://mapelsl.com/fr/","name":"Mapel","description":"","potentialAction":[{"@type":"SearchAction","target":{"@type":"EntryPoint","urlTemplate":"https://mapelsl.com/fr/?s={search_term_string}"},"query-input":"required name=search_term_string"}],"inLanguage":"fr-FR"},{"@type":"ImageObject","@id":"https://mapelsl.com/fr/notcies/mapel-rep-un-reconeixement-en-el-50e-aniversari-de-linstitut-josep-brugulat/#primaryimage","inLanguage":"fr-FR","url":"https://mapelsl.com/wp-content/uploads/2025/06/mapel-acte-50-anys-brugulat.jpg","contentUrl":"https://mapelsl.com/wp-content/uploads/2025/06/mapel-acte-50-anys-brugulat.jpg","width":2049,"height":1253,"caption":"Mapel Institut Josep Brugulat"},{"@type":"WebPage","@id":"https://mapelsl.com/fr/notcies/mapel-rep-un-reconeixement-en-el-50e-aniversari-de-linstitut-josep-brugulat/#webpage","url":"https://mapelsl.com/fr/notcies/mapel-rep-un-reconeixement-en-el-50e-aniversari-de-linstitut-josep-brugulat/","name":"Mapel rep un reconeixement en el 50\u00e8 aniversari de l\u2019Institut Josep Brugulat - Mapel","isPartOf":{"@id":"https://mapelsl.com/fr/#website"},"primaryImageOfPage":{"@id":"https://mapelsl.com/fr/notcies/mapel-rep-un-reconeixement-en-el-50e-aniversari-de-linstitut-josep-brugulat/#primaryimage"},"datePublished":"2025-06-06T07:13:42+00:00","dateModified":"2025-06-06T07:13:42+00:00","description":"A Mapel apostem per una mobilitat m\u00e9s neta i sostenible, i per aix\u00f2 oferim als nostres clients les solucions de rec\u00e0rrega de vehicles el\u00e8ctrics de Circutor.","breadcrumb":{"@id":"https://mapelsl.com/fr/notcies/mapel-rep-un-reconeixement-en-el-50e-aniversari-de-linstitut-josep-brugulat/#breadcrumb"},"inLanguage":"fr-FR","potentialAction":[{"@type":"ReadAction","target":["https://mapelsl.com/fr/notcies/mapel-rep-un-reconeixement-en-el-50e-aniversari-de-linstitut-josep-brugulat/"]}]},{"@type":"BreadcrumbList","@id":"https://mapelsl.com/fr/notcies/mapel-rep-un-reconeixement-en-el-50e-aniversari-de-linstitut-josep-brugulat/#breadcrumb","itemListElement":[{"@type":"ListItem","position":1,"name":"Home","item":"https://mapelsl.com/fr/"},{"@type":"ListItem","position":2,"name":"Mapel rep un reconeixement en el 50\u00e8 aniversari de l\u2019Institut Josep Brugulat"}]}]}</script>
<!-- / Yoast SEO plugin. -->

A Mapel apostem per una mobilitat més neta i sostenible, i per això oferim als nostres clients les solucions de recàrrega de vehicles elèctrics de Circutor.

Mapel rep un reconeixement en el 50è aniversari de l’Institut Josep Brugulat - Mapel
