{"id":7200,"date":"2025-03-20T12:33:01","date_gmt":"2025-03-20T11:33:01","guid":{"rendered":"https:\/\/mapelsl.com\/?post_type=notcies&#038;p=7200"},"modified":"2025-03-20T15:46:53","modified_gmt":"2025-03-20T14:46:53","slug":"mapel-30-anys","status":"publish","type":"notcies","link":"https:\/\/mapelsl.com\/fr\/notcies\/mapel-30-anys\/","title":{"rendered":"A Mapel celebrem 30 anys"},"content":{"rendered":"<p style=\"text-align: left;\">Un any m\u00e9s, l\u2019equip de Mapel hem celebrat la reuni\u00f3 anual d\u2019empresa, on s\u2019ha fet balan\u00e7 de l\u2019any anterior, i compartit els objectius per aquest 2025. A m\u00e9s, aquest any, hem pogut celebrar una data especial, els 30 anys de Mapel!<\/p>\n<p style=\"text-align: left;\">Per compartir amb tots vosaltres aquesta data tan especial, s\u2019ha dissenyat un logotip d\u2019aniversari que ens acompanyar\u00e0 aquest any. Amb aquest volem transmetre la const\u00e0ncia i implicaci\u00f3 di\u00e0ries que formen part del nostre ADN. Un rellotge de sol que marca el pas del temps i que no pot funcionar sense llum, que \u00e9s una forma d&rsquo;energia. \u00c9s la nostra manera de donar valor a la feina feta, els reptes superats i a tot l&rsquo;equip.<\/p>\n<p style=\"text-align: left;\">Tres d\u00e8cades de confian\u00e7a, aprenentatge i comprom\u00eds, amb una mirada sempre cap al futur, i desitjant celebrar-ne molts m\u00e9s al vostre costat.<\/p>\n<p><a href=\"https:\/\/mapelsl.com\/notcies\/mapel-30-anys\/mapel-blog-30-anys-01\/\" rel=\"attachment wp-att-7201\"><img loading=\"lazy\" decoding=\"async\" class=\"size-large wp-image-7201 alignleft\" src=\"https:\/\/mapelsl.com\/wp-content\/uploads\/2025\/03\/Mapel-blog-30-anys-01-1024x528.jpg\" alt=\"\" width=\"1024\" height=\"528\" srcset=\"https:\/\/mapelsl.com\/wp-content\/uploads\/2025\/03\/Mapel-blog-30-anys-01-1024x528.jpg 1024w, https:\/\/mapelsl.com\/wp-content\/uploads\/2025\/03\/Mapel-blog-30-anys-01-300x155.jpg 300w, https:\/\/mapelsl.com\/wp-content\/uploads\/2025\/03\/Mapel-blog-30-anys-01-768x396.jpg 768w, https:\/\/mapelsl.com\/wp-content\/uploads\/2025\/03\/Mapel-blog-30-anys-01-1536x793.jpg 1536w, https:\/\/mapelsl.com\/wp-content\/uploads\/2025\/03\/Mapel-blog-30-anys-01-2048x1057.jpg 2048w\" sizes=\"auto, (max-width: 1024px) 100vw, 1024px\" \/><\/a><\/p>\n","protected":false},"featured_media":7205,"template":"","etiquetes":[103],"class_list":["post-7200","notcies","type-notcies","status-publish","has-post-thumbnail","hentry","etiquetes-novetat"],"acf":[],"yoast_head":"<!-- This site is optimized with the Yoast SEO plugin v17.5 - https:\/\/yoast.com\/wordpress\/plugins\/seo\/ -->\n<meta name=\"description\" content=\"30 anys de Mapel! Tres d\u00e8cades de confian\u00e7a, aprenentatge i comprom\u00eds, amb una mirada sempre cap al futur, i desitjant celebrar-ne molts m\u00e9s al vostre costat.\" \/>\n<meta name=\"robots\" content=\"index, follow, max-snippet:-1, max-image-preview:large, max-video-preview:-1\" \/>\n<link rel=\"canonical\" href=\"https:\/\/mapelsl.com\/fr\/notcies\/mapel-30-anys\/\" \/>\n<meta property=\"og:locale\" content=\"fr_FR\" \/>\n<meta property=\"og:type\" content=\"article\" \/>\n<meta property=\"og:title\" content=\"A Mapel celebrem 30 anys - Mapel\" \/>\n<meta property=\"og:description\" content=\"30 anys de Mapel! Tres d\u00e8cades de confian\u00e7a, aprenentatge i comprom\u00eds, amb una mirada sempre cap al futur, i desitjant celebrar-ne molts m\u00e9s al vostre costat.\" \/>\n<meta property=\"og:url\" content=\"https:\/\/mapelsl.com\/fr\/notcies\/mapel-30-anys\/\" \/>\n<meta property=\"og:site_name\" content=\"Mapel\" \/>\n<meta property=\"article:modified_time\" content=\"2025-03-20T14:46:53+00:00\" \/>\n<meta property=\"og:image\" content=\"https:\/\/mapelsl.com\/wp-content\/uploads\/2025\/03\/Mapel-blog-30-anys-02-scaled.jpg\" \/>\n\t<meta property=\"og:image:width\" content=\"2560\" \/>\n\t<meta property=\"og:image:height\" content=\"1321\" \/>\n<meta name=\"twitter:card\" content=\"summary_large_image\" \/>\n<meta name=\"twitter:label1\" content=\"Dur\u00e9e de lecture est.\" \/>\n\t<meta name=\"twitter:data1\" content=\"1 minute\" \/>\n<script type=\"application\/ld+json\" class=\"yoast-schema-graph\">{\"@context\":\"https:\/\/schema.org\",\"@graph\":[{\"@type\":\"WebSite\",\"@id\":\"https:\/\/mapelsl.com\/fr\/#website\",\"url\":\"https:\/\/mapelsl.com\/fr\/\",\"name\":\"Mapel\",\"description\":\"\",\"potentialAction\":[{\"@type\":\"SearchAction\",\"target\":{\"@type\":\"EntryPoint\",\"urlTemplate\":\"https:\/\/mapelsl.com\/fr\/?s={search_term_string}\"},\"query-input\":\"required name=search_term_string\"}],\"inLanguage\":\"fr-FR\"},{\"@type\":\"ImageObject\",\"@id\":\"https:\/\/mapelsl.com\/fr\/notcies\/mapel-30-anys\/#primaryimage\",\"inLanguage\":\"fr-FR\",\"url\":\"https:\/\/mapelsl.com\/wp-content\/uploads\/2025\/03\/Mapel-blog-30-anys-02-scaled.jpg\",\"contentUrl\":\"https:\/\/mapelsl.com\/wp-content\/uploads\/2025\/03\/Mapel-blog-30-anys-02-scaled.jpg\",\"width\":2560,\"height\":1321},{\"@type\":\"WebPage\",\"@id\":\"https:\/\/mapelsl.com\/fr\/notcies\/mapel-30-anys\/#webpage\",\"url\":\"https:\/\/mapelsl.com\/fr\/notcies\/mapel-30-anys\/\",\"name\":\"A Mapel celebrem 30 anys - Mapel\",\"isPartOf\":{\"@id\":\"https:\/\/mapelsl.com\/fr\/#website\"},\"primaryImageOfPage\":{\"@id\":\"https:\/\/mapelsl.com\/fr\/notcies\/mapel-30-anys\/#primaryimage\"},\"datePublished\":\"2025-03-20T11:33:01+00:00\",\"dateModified\":\"2025-03-20T14:46:53+00:00\",\"description\":\"30 anys de Mapel! Tres d\\u00e8cades de confian\\u00e7a, aprenentatge i comprom\\u00eds, amb una mirada sempre cap al futur, i desitjant celebrar-ne molts m\\u00e9s al vostre costat.\",\"breadcrumb\":{\"@id\":\"https:\/\/mapelsl.com\/fr\/notcies\/mapel-30-anys\/#breadcrumb\"},\"inLanguage\":\"fr-FR\",\"potentialAction\":[{\"@type\":\"ReadAction\",\"target\":[\"https:\/\/mapelsl.com\/fr\/notcies\/mapel-30-anys\/\"]}]},{\"@type\":\"BreadcrumbList\",\"@id\":\"https:\/\/mapelsl.com\/fr\/notcies\/mapel-30-anys\/#breadcrumb\",\"itemListElement\":[{\"@type\":\"ListItem\",\"position\":1,\"name\":\"Home\",\"item\":\"https:\/\/mapelsl.com\/fr\/\"},{\"@type\":\"ListItem\",\"position\":2,\"name\":\"A Mapel celebrem 30 anys\"}]}]}<\/script>\n<!-- \/ Yoast SEO plugin. -->","yoast_head_json":{"description":"30 anys de Mapel! Tres d\u00e8cades de confian\u00e7a, aprenentatge i comprom\u00eds, amb una mirada sempre cap al futur, i desitjant celebrar-ne molts m\u00e9s al vostre costat.","robots":{"index":"index","follow":"follow","max-snippet":"max-snippet:-1","max-image-preview":"max-image-preview:large","max-video-preview":"max-video-preview:-1"},"canonical":"https:\/\/mapelsl.com\/fr\/notcies\/mapel-30-anys\/","og_locale":"fr_FR","og_type":"article","og_title":"A Mapel celebrem 30 anys - Mapel","og_description":"30 anys de Mapel! Tres d\u00e8cades de confian\u00e7a, aprenentatge i comprom\u00eds, amb una mirada sempre cap al futur, i desitjant celebrar-ne molts m\u00e9s al vostre costat.","og_url":"https:\/\/mapelsl.com\/fr\/notcies\/mapel-30-anys\/","og_site_name":"Mapel","article_modified_time":"2025-03-20T14:46:53+00:00","og_image":[{"width":2560,"height":1321,"url":"https:\/\/mapelsl.com\/wp-content\/uploads\/2025\/03\/Mapel-blog-30-anys-02-scaled.jpg","type":"image\/jpeg"}],"twitter_card":"summary_large_image","twitter_misc":{"Dur\u00e9e de lecture est.":"1 minute"},"schema":{"@context":"https:\/\/schema.org","@graph":[{"@type":"WebSite","@id":"https:\/\/mapelsl.com\/fr\/#website","url":"https:\/\/mapelsl.com\/fr\/","name":"Mapel","description":"","potentialAction":[{"@type":"SearchAction","target":{"@type":"EntryPoint","urlTemplate":"https:\/\/mapelsl.com\/fr\/?s={search_term_string}"},"query-input":"required name=search_term_string"}],"inLanguage":"fr-FR"},{"@type":"ImageObject","@id":"https:\/\/mapelsl.com\/fr\/notcies\/mapel-30-anys\/#primaryimage","inLanguage":"fr-FR","url":"https:\/\/mapelsl.com\/wp-content\/uploads\/2025\/03\/Mapel-blog-30-anys-02-scaled.jpg","contentUrl":"https:\/\/mapelsl.com\/wp-content\/uploads\/2025\/03\/Mapel-blog-30-anys-02-scaled.jpg","width":2560,"height":1321},{"@type":"WebPage","@id":"https:\/\/mapelsl.com\/fr\/notcies\/mapel-30-anys\/#webpage","url":"https:\/\/mapelsl.com\/fr\/notcies\/mapel-30-anys\/","name":"A Mapel celebrem 30 anys - Mapel","isPartOf":{"@id":"https:\/\/mapelsl.com\/fr\/#website"},"primaryImageOfPage":{"@id":"https:\/\/mapelsl.com\/fr\/notcies\/mapel-30-anys\/#primaryimage"},"datePublished":"2025-03-20T11:33:01+00:00","dateModified":"2025-03-20T14:46:53+00:00","description":"30 anys de Mapel! Tres d\u00e8cades de confian\u00e7a, aprenentatge i comprom\u00eds, amb una mirada sempre cap al futur, i desitjant celebrar-ne molts m\u00e9s al vostre costat.","breadcrumb":{"@id":"https:\/\/mapelsl.com\/fr\/notcies\/mapel-30-anys\/#breadcrumb"},"inLanguage":"fr-FR","potentialAction":[{"@type":"ReadAction","target":["https:\/\/mapelsl.com\/fr\/notcies\/mapel-30-anys\/"]}]},{"@type":"BreadcrumbList","@id":"https:\/\/mapelsl.com\/fr\/notcies\/mapel-30-anys\/#breadcrumb","itemListElement":[{"@type":"ListItem","position":1,"name":"Home","item":"https:\/\/mapelsl.com\/fr\/"},{"@type":"ListItem","position":2,"name":"A Mapel celebrem 30 anys"}]}]}},"_links":{"self":[{"href":"https:\/\/mapelsl.com\/fr\/wp-json\/wp\/v2\/notcies\/7200","targetHints":{"allow":["GET"]}}],"collection":[{"href":"https:\/\/mapelsl.com\/fr\/wp-json\/wp\/v2\/notcies"}],"about":[{"href":"https:\/\/mapelsl.com\/fr\/wp-json\/wp\/v2\/types\/notcies"}],"wp:featuredmedia":[{"embeddable":true,"href":"https:\/\/mapelsl.com\/fr\/wp-json\/wp\/v2\/media\/7205"}],"wp:attachment":[{"href":"https:\/\/mapelsl.com\/fr\/wp-json\/wp\/v2\/media?parent=7200"}],"wp:term":[{"taxonomy":"etiquetes","embeddable":true,"href":"https:\/\/mapelsl.com\/fr\/wp-json\/wp\/v2\/etiquetes?post=7200"}],"curies":[{"name":"wp","href":"https:\/\/api.w.org\/{rel}","templated":true}]}}

<p style="text-align: left;">Un any més, l’equip de Mapel hem celebrat la reunió anual d’empresa, on s’ha fet balanç de l’any anterior, i compartit els objectius per aquest 2025. A més, aquest any, hem pogut celebrar una data especial, els 30 anys de Mapel!</p>
<p style="text-align: left;">Per compartir amb tots vosaltres aquesta data tan especial, s’ha dissenyat un logotip d’aniversari que ens acompanyarà aquest any. Amb aquest volem transmetre la constància i implicació diàries que formen part del nostre ADN. Un rellotge de sol que marca el pas del temps i que no pot funcionar sense llum, que és una forma d&rsquo;energia. És la nostra manera de donar valor a la feina feta, els reptes superats i a tot l&rsquo;equip.</p>
<p style="text-align: left;">Tres dècades de confiança, aprenentatge i compromís, amb una mirada sempre cap al futur, i desitjant celebrar-ne molts més al vostre costat.</p>
<p><a href="https://mapelsl.com/notcies/mapel-30-anys/mapel-blog-30-anys-01/" rel="attachment wp-att-7201"><img loading="lazy" decoding="async" class="size-large wp-image-7201 alignleft" src="https://mapelsl.com/wp-content/uploads/2025/03/Mapel-blog-30-anys-01-1024x528.jpg" alt="" width="1024" height="528" srcset="https://mapelsl.com/wp-content/uploads/2025/03/Mapel-blog-30-anys-01-1024x528.jpg 1024w, https://mapelsl.com/wp-content/uploads/2025/03/Mapel-blog-30-anys-01-300x155.jpg 300w, https://mapelsl.com/wp-content/uploads/2025/03/Mapel-blog-30-anys-01-768x396.jpg 768w, https://mapelsl.com/wp-content/uploads/2025/03/Mapel-blog-30-anys-01-1536x793.jpg 1536w, https://mapelsl.com/wp-content/uploads/2025/03/Mapel-blog-30-anys-01-2048x1057.jpg 2048w" sizes="auto, (max-width: 1024px) 100vw, 1024px" /></a></p>

<!-- This site is optimized with the Yoast SEO plugin v17.5 - https://yoast.com/wordpress/plugins/seo/ -->
<meta name="description" content="30 anys de Mapel! Tres dècades de confiança, aprenentatge i compromís, amb una mirada sempre cap al futur, i desitjant celebrar-ne molts més al vostre costat." />
<meta name="robots" content="index, follow, max-snippet:-1, max-image-preview:large, max-video-preview:-1" />
<link rel="canonical" href="https://mapelsl.com/fr/notcies/mapel-30-anys/" />
<meta property="og:locale" content="fr_FR" />
<meta property="og:type" content="article" />
<meta property="og:title" content="A Mapel celebrem 30 anys - Mapel" />
<meta property="og:description" content="30 anys de Mapel! Tres dècades de confiança, aprenentatge i compromís, amb una mirada sempre cap al futur, i desitjant celebrar-ne molts més al vostre costat." />
<meta property="og:url" content="https://mapelsl.com/fr/notcies/mapel-30-anys/" />
<meta property="og:site_name" content="Mapel" />
<meta property="article:modified_time" content="2025-03-20T14:46:53+00:00" />
<meta property="og:image" content="https://mapelsl.com/wp-content/uploads/2025/03/Mapel-blog-30-anys-02-scaled.jpg" />
	<meta property="og:image:width" content="2560" />
	<meta property="og:image:height" content="1321" />
<meta name="twitter:card" content="summary_large_image" />
<meta name="twitter:label1" content="Durée de lecture est." />
	<meta name="twitter:data1" content="1 minute" />
<script type="application/ld+json" class="yoast-schema-graph">{"@context":"https://schema.org","@graph":[{"@type":"WebSite","@id":"https://mapelsl.com/fr/#website","url":"https://mapelsl.com/fr/","name":"Mapel","description":"","potentialAction":[{"@type":"SearchAction","target":{"@type":"EntryPoint","urlTemplate":"https://mapelsl.com/fr/?s={search_term_string}"},"query-input":"required name=search_term_string"}],"inLanguage":"fr-FR"},{"@type":"ImageObject","@id":"https://mapelsl.com/fr/notcies/mapel-30-anys/#primaryimage","inLanguage":"fr-FR","url":"https://mapelsl.com/wp-content/uploads/2025/03/Mapel-blog-30-anys-02-scaled.jpg","contentUrl":"https://mapelsl.com/wp-content/uploads/2025/03/Mapel-blog-30-anys-02-scaled.jpg","width":2560,"height":1321},{"@type":"WebPage","@id":"https://mapelsl.com/fr/notcies/mapel-30-anys/#webpage","url":"https://mapelsl.com/fr/notcies/mapel-30-anys/","name":"A Mapel celebrem 30 anys - Mapel","isPartOf":{"@id":"https://mapelsl.com/fr/#website"},"primaryImageOfPage":{"@id":"https://mapelsl.com/fr/notcies/mapel-30-anys/#primaryimage"},"datePublished":"2025-03-20T11:33:01+00:00","dateModified":"2025-03-20T14:46:53+00:00","description":"30 anys de Mapel! Tres d\u00e8cades de confian\u00e7a, aprenentatge i comprom\u00eds, amb una mirada sempre cap al futur, i desitjant celebrar-ne molts m\u00e9s al vostre costat.","breadcrumb":{"@id":"https://mapelsl.com/fr/notcies/mapel-30-anys/#breadcrumb"},"inLanguage":"fr-FR","potentialAction":[{"@type":"ReadAction","target":["https://mapelsl.com/fr/notcies/mapel-30-anys/"]}]},{"@type":"BreadcrumbList","@id":"https://mapelsl.com/fr/notcies/mapel-30-anys/#breadcrumb","itemListElement":[{"@type":"ListItem","position":1,"name":"Home","item":"https://mapelsl.com/fr/"},{"@type":"ListItem","position":2,"name":"A Mapel celebrem 30 anys"}]}]}</script>
<!-- / Yoast SEO plugin. -->

30 anys de Mapel! Tres dècades de confiança, aprenentatge i compromís, amb una mirada sempre cap al futur, i desitjant celebrar-ne molts més al vostre costat.
